m, -m + 2*y - 7*y - 19 = 0. Calculate the highest common factor of w and m.
3
Let g be (6/4)/(905/(-130) - -7). Calculate the greatest common factor of g and 351.
39
Let f = 11 - 43. Let b be -2 + f/(-4) - (6 + -4). Calculate the highest common divisor of b and 4.
4
Suppose 56 = 2*d + 5*f, -4*d + 74 = d - 4*f. Suppose -3*m = -c + 120, 4*m + 2 = d. Calculate the greatest common divisor of c and 12.
12
Suppose -5*q - 4*f = -5323, -4*q - 3*f + 3057 + 1202 = 0. Calculate the highest common divisor of 11 and q.
11
Let m = 6 + -2. Let a(p) = -p**3 + 4*p**2 + 2. Let s be a(m). Suppose s = 2*q - 10. What is the highest common divisor of q and 6?
6
Let c be (-3 - 147/(-28))*128. What is the highest common factor of 64 and c?
32
Suppose -2*x + 6 = -2*i - 4, -4*x - 5*i + 56 = 0. Let g = 15 - x. Suppose 48 = g*n - 2*n. Calculate the greatest common divisor of n and 84.
12
Let b = -1332 + 1333. Let v be 6/4 - (-4)/(-8). What is the greatest common divisor of v and b?
1
Let w be 3 + 1 - (2 - (-2 - -5)). Suppose w*s + 4*a - 120 = 0, -a = -6*a + 25. What is the highest common divisor of 40 and s?
20
Suppose -17 = -7*w - 59. Let q = w + 14. Calculate the highest common divisor of 24 and q.
8
Let i = 34 - 25. Suppose i*c = 206 + 37. Calculate the greatest common factor of 3 and c.
3
Let r = -64 + 21. Let f = 17 - r. What is the greatest common divisor of f and 12?
12
Let c = -150 - -193. Calculate the highest common factor of 473 and c.
43
Let g be -4 - (-4 - (4 - 0)). Let n be ((-5)/20)/(g/(-400)). What is the highest common factor of n and 10?
5
Suppose 12*p - 43 = 221. What is the highest common divisor of 33 and p?
11
Let j(a) = -4*a**2 - 25*a + 7. Let v be j(-6). Let t = 30 - -9. What is the greatest common factor of v and t?
13
Suppose -14*k + 6329 - 603 = 0. Let f = -989 + 706. Let h = f + k. What is the highest common factor of h and 18?
18
Let s(y) = -3*y**2 + 71*y + 35. Let c be s(24). Calculate the greatest common divisor of 264 and c.
11
Suppose 0*d - 3*d = -9. Suppose 5*x - 6*z = -d*z + 22, 2*x = 3*z + 16. Let r = -80 + 81. Calculate the highest common factor of x and r.
1
Let d be (-32)/(-20)*10/4. Suppose t + g - 27 = 0, -5*g - 78 = -d*t + 21. Calculate the highest common divisor of t and 26.
26
Let f = -12 + 17. Let z = -1 + f. Suppose -2*v - 12 = -4*b, -10*b + 11*b + 3*v = -11. Calculate the greatest common factor of z and b.
1
Let x(c) = -10*c + 224. Let z be x(20). What is the greatest common divisor of z and 672?
24
Suppose -4*k - 42 = 2*z - 192, -2*k + 152 = 2*z. Let f = 27 + -3. Let c = f + -13. Calculate the highest common factor of c and z.
11
Let s = -626 - -638. Suppose 0 = -5*v + 810 - 330. What is the greatest common divisor of s and v?
12
Let v = -1179 + 1218. What is the highest common divisor of v and 9?
3
Let c(n) = 10*n - 5 + 17 - 12*n + 3. Let z be c(11). Let r(y) = y**2 - 3*y + 2. Let u be r(z). Calculate the greatest common factor of 8 and u.
8
Suppose -6*d = -v - 128 - 103, 54 = d + 5*v. Calculate the greatest common factor of 624 and d.
39
Let g = -69 + 97. Suppose -5*t = x - 67, 3*t - x + g = 5*t. Calculate the highest common divisor of 52 and t.
13
Let u = 2015 + -1399. Suppose -24*d + 28*d - u = 0. What is the highest common divisor of d and 14?
14
Suppose -559 = 17*b - 4044. Calculate the highest common factor of b and 328.
41
Suppose -2*o - 306 = -19*o. What is the highest common divisor of 732 and o?
6
Let a be 3*7/((-14)/(-8)). Let u = -10 + a. Suppose -s + 165 = u*s - t, -t + 51 = s. What is the highest common divisor of 36 and s?
18
Let l be -4*1*(-88)/2. Suppose 6*m - 115 = -4*h + m, 3*h + 3*m = 90. Suppose -18 = -s + y, -s + 5*y + h = 9. Calculate the highest common factor of s and l.
16
Let u(n) = -n**2 + 5*n + 9. Let b be u(6). What is the highest common factor of b and 57?
3
Let z be 80/(-4)*(-2)/(-8)*10. Let v = z + 58. What is the highest common divisor of v and 16?
8
Let w(s) = -s**3 + 4. Let x be 0*-1*(-2)/(-4). Let v be w(x). Suppose -o = 4*g - 7*g - 21, -5*g + 97 = 2*o. What is the highest common divisor of v and o?
4
Let j be 165 + -55 - (3 + (-4)/2). What is the highest common divisor of j and 4905?
109
Let f(z) = -2*z + 6. Suppose 0 = m + 8 - 5. Let h be 0*(-3 + 1 - m). Let r be f(h). Calculate the greatest common divisor of r and 18.
6
Let o(k) = k**3 + 0*k**3 + 7*k + 6 + 6*k + 7*k**2 - 6*k. Let m be o(-4). Let g = m - -2. What is the greatest common factor of 4 and g?
4
Let j be 3 + 4 + -8 + 106. What is the greatest common divisor of 42 and j?
21
Suppose 3*v - 483 = -2*q - 122, -2*v + 246 = -4*q. What is the highest common divisor of v and 22?
11
Let o(i) = -1 - 1 + 5 - 1 - 26*i. Let q be o(-3). Let l = -30 + q. Calculate the greatest common divisor of l and 25.
25
Suppose 2*l - 3 - 17 = 5*u, u + 4 = -2*l. Suppose -o + 2 + 7 = l. What is the highest common factor of o and 9?
9
Let c be 2/5 - 1380/(-50). Suppose 4 - c = 4*g. Let i(r) = -4*r. Let b be i(g). What is the greatest common factor of 6 and b?
6
Let r(k) = 14*k**3 - 3*k**2 - 2*k. Let h = -19 + 21. Let f be r(h). Calculate the highest common divisor of f and 12.
12
Let h(j) = 2*j**2 + j + 2. Let o be h(-5). Let x = o + -94. Let t = x - -77. What is the greatest common factor of 45 and t?
15
Let n be (-39 - -35)*(-256)/2. Calculate the greatest common divisor of n and 32.
32
Suppose 10303 = 11*s - 8562. What is the greatest common factor of s and 147?
49
Let q = -80 - 24. Let a = -116 - -340. Let m = a + q. What is the greatest common divisor of 15 and m?
15
Suppose 13 = 5*z - 92. Suppose -2*u = -3*h + 3, -21 = -2*h - h - 4*u. Calculate the greatest common divisor of h and z.
3
Let i = -7 - -3. Let j = 7 + i. Suppose -c - 4*s - 10 + 41 = 0, 0 = j*s + 3. What is the greatest common divisor of 5 and c?
5
Let u = 614 + -594. Calculate the greatest common divisor of 90 and u.
10
Let n = 19 - -17. Let i be (-1 - (3 + -9)) + -3. Suppose -i*g - n = -5*g. What is the highest common factor of 30 and g?
6
Let v(c) = c**2 + 4*c - 13. Let y be v(-7). Let a(h) = h**2 + h + 12. Let n be a(-5). Calculate the highest common divisor of y and n.
8
Suppose -2*a = -4*p - 34 + 4, -5*p = -4*a + 45. Let t(y) = -16*y**3 + y. Let w be t(1). Let z = p - w. What is the highest common factor of z and 30?
10
Let g(m) = -m**3 + 12*m**2 - 19*m + 85. Let o be g(10). What is the highest common divisor of 171 and o?
19
Let y = -428 + 446. Suppose 14 = 2*h + 5*x, 5*x - 23 = -5*h - 3. Let f be (-1)/((h + -3)/18). What is the highest common divisor of y and f?
18
Suppose -2*f + 11 = x, -2*f + 3*f = x + 1. Let n be f/2 + 111 + 0. Let c = -75 + n. What is the highest common factor of 57 and c?
19
Let n be 2/(-6)*24/(-2). Calculate the highest common factor of 68 and n.
4
Suppose -j + 4*j = 2*b - 4, 36 = -4*b - 5*j. Let y be 4 + (3 - (b + -1)). What is the greatest common divisor of 48 and y?
12
Let t = -923 - -995. Let a(j) = 5*j - 1. Let n be a(11). What is the greatest common factor of n and t?
18
Let b(m) = -m**2 - 19*m - 36. Let i be b(-15). Calculate the greatest common factor of i and 60.
12
Let a(v) = -138*v + 12. Let i be a(-1). What is the greatest common divisor of 6 and i?
6
Suppose -40*o = 2310 - 9310. Calculate the highest common factor of o and 375.
25
Suppose -3*n + 3822 + 10419 = 0. Suppose -13*q + n = 1211. Calculate the greatest common divisor of 34 and q.
34
Let v(k) = k**2 - 5*k - 23. Let x be v(8). Calculate the greatest common divisor of x and 11.
1
Let y = 215 - 173. What is the greatest common divisor of y and 168?
42
Suppose -97 = -2*q + 7. What is the greatest common divisor of 572 and q?
52
Suppose j - f - 4 = 0, -j = 2*f + f - 24. Let z(r) = -r**2 - 12*r + 14. Let y be z(-13). What is the highest common factor of y and j?
1
Let m = 301 - 289. Let v = -416 - -692. What is the highest common factor of v and m?
12
Let p be (2 - 88/56) + (-204)/(-14). Let k(x) = 10*x - 15. Let c be k(6). What is the highest common divisor of p and c?
15
Let u(b) = b + 2. Let k be u(9). Suppose k*l - 9*l = 0. Suppose -2*y + 33 = o + 3*y, l = -o + 2*y + 26. What is the highest common divisor of o and 70?
14
Let n = 47 + -1. Let m = n - 4. Calculate the greatest common divisor of m and 14.
14
Let s = 182 - 108. Suppose -s - 16 = -6*r. Suppose 0 = -4*w + 4*m + 524, 0*w = 5